e 0 = d - p - 10 - 8, -82 = -r*d - p. What is the remainder when 38 is divided by d?
18
Suppose -3*w + 4 + 5 = 0. Suppose -2*a + 4*a = 0, -w*q - a + 57 = 0. What is the remainder when 37 is divided by q?
18
Suppose -24 = -4*x + 24. What is the remainder when 39 is divided by x?
3
Suppose -3*m + 3*j + 226 = -j, m = -3*j + 71. Calculate the remainder when m is divided by 19.
17
Let h(t) = -t**3 - 3*t**2 + 3*t. What is the remainder when h(-5) is divided by 19?
16
Suppose 3 = -0*m + 3*m. Suppose -7*i + 22 = 1. Calculate the remainder when i is divided by m.
0
Suppose 0 = -5*t + 18 + 77. Suppose 2*w + 6 = 118. Calculate the remainder when w is divided by t.
18
Suppose 2*v - 2*z - 2*z - 28 = 0, 0 = 4*v - z - 70. Suppose -2*d - 2 = 0, 3*r - 13 = -2*d + v. Let w = r - 1. What is the remainder when 37 is divided by w?
7
Let j = -15 + 9. Let d = 24 + j. What is the remainder when 51 is divided by d?
15
Suppose 2*c - 32 = -4. Let u = 28 - -12. Calculate the remainder when u is divided by (c/(-3))/((-2)/6).
12
Suppose -x + 6*x - 10 = 0. Suppose 3*z = -9, 4*z + 22 = 4*y + y. What is the remainder when x is divided by y?
0
Let w(s) = 2*s**2 + 3*s - 1. Let b = 9 - -64. Calculate the remainder when b is divided by w(-4).
16
Suppose -313 = -9*i - 241. Calculate the remainder when (0 + -13 + 0)*-1 is divided by i.
5
Let y(p) = -p**3 - 5*p**2 + 3*p - 4. Suppose -3*r - 2 = 5*b - 10, -2*b + 14 = 3*r. Let i = 11 - r. Calculate the remainder when y(-6) is divided by i.
4
Let l(m) = -5*m + 41. What is the remainder when l(5) is divided by 5?
1
Let t(k) = -k + 2. Calculate the remainder when 39 is divided by t(-13).
9
Let j be 0 + -2 + (5 - 2). Calculate the remainder when 46 is divided by 4*j*(2 + 2).
14
Suppose 3*z - 70 = 23. Calculate the remainder when z is divided by 7.
3
Suppose -5*v + 491 - 121 = 0. Let t = 127 + -89. Calculate the remainder when v is divided by t.
36
Calculate the remainder when 29 is divided by 2*(6/4)/(18/60).
9
Calculate the remainder when 117 is divided by (-2)/(-7) - 166/(-7).
21
Suppose 3*t + 3 = 2*o - 21, 4*t - 28 = -4*o. Let k(m) = -m**3 - 4*m**2 + m + 6. Calculate the remainder when k(-5) is divided by o.
8
Let g be (-3)/6 - 1/2. Let s(t) = -t**2 - 15*t - 13. Calculate the remainder when s(-13) is divided by (-5 + -2)*1/g.
6
Suppose 3*c + 2*u = 17 + 63, -4 = -u. Calculate the remainder when c is divided by 9.
6
Let m(r) = 9*r**2 + 3*r - 4. Let d(v) = v**2 - v + 1. Let f(b) = 5*d(b) + m(b). Calculate the remainder when 51 is divided by f(1).
12
Suppose 0 = -0*v - v + 6. Let x(w) = 3*w + 43. Calculate the remainder when x(-7) is divided by v.
4
Let s = -26 - -37. Let u(n) = -n**3 + 12*n**2 - 8*n - 7. What is the remainder when u(s) is divided by 14?
12
Let y(f) = f**3 + 39. Suppose 0 = -2*j - j. What is the remainder when y(j) is divided by 21?
18
Let z(q) = -2*q + 7. Suppose -5*f - 13 = 12. Let y be z(f). What is the remainder when 13 is divided by (-3)/(-4) - y/(-4)?
3
Suppose -2*x - 15 = -2*w - 129, 5*w = -x + 39. Calculate the remainder when x is divided by 19.
16
Suppose -105 = 4*z + 5*i, -119 = 5*z - i + 5. Calculate the remainder when 26 is divided by 92/10 - (-5)/z.
8
Calculate the remainder when 115 is divided by 696/6*1/4.
28
Suppose 2*l - 42 = l. Calculate the remainder when l is divided by 11.
9
Let f = -5 - -17. What is the remainder when (-3)/f + (-258)/(-8) is divided by 6/(-9) + (-35)/(-3)?
10
Let s = -12 + 23. Let q = s - 10. What is the remainder when 2 is divided by q?
0
Suppose -2*u = u - 5*c + 12, c + 1 = 4*u. Calculate the remainder when 5 is divided by u.
0
Let r(j) = 4*j - 1. Let q(p) = 5*p - 1. Let h(f) = 5*q(f) - 6*r(f). Let k be h(1). Suppose k = 5*b - 3*b. What is the remainder when 2 is divided by b?
0
Suppose 4*w = 6 + 178. Let b = 24 + -12. Calculate the remainder when w is divided by b.
10
Let d = -21 + 36. Calculate the remainder when (-6)/45 - 1266/(-45) is divided by d.
13
Let x = -15 - -25. Suppose -70 = 5*m - 3*k, 2*m - 2*k = -12 - 16. Let q = 5 - m. Calculate the remainder when q is divided by x.
9
Let r = 17 - 0. Suppose -4*y + 7*y = k - 6, 0 = 3*k - 5*y - 18. Calculate the remainder when r is divided by k.
5
Let j(g) = 2*g - 12. Let n be j(9). Let w(v) = 6*v - 8. Calculate the remainder when w(n) is divided by 5.
3
Suppose 5*x - 27 - 28 = 0. What is the remainder when 30 is divided by x?
8
Calculate the remainder when (-1776)/(-60) + 2/5 is divided by 16.
14
Suppose -11 = 4*s + 5*x + 19, -2*x = -3*s - 11. Let t = s - -1. Calculate the remainder when 21 is divided by ((-22)/t)/((-1)/(-2)).
10
Let l(k) = 17*k**2 + 12*k + 17. Let w(o) = 6*o**2 + 4*o + 6. Let i(r) = 3*l(r) - 8*w(r). What is the remainder when i(-2) is divided by 2?
1
Suppose -140*h + 141*h - 14 = 0. What is the remainder when 53 is divided by h?
11
Let r(i) = i - 7. Let k = 10 + -7. Let o be r(k). Calculate the remainder when 18 is divided by o/(-6) - 56/(-6).
8
Suppose -p + 14 = -3*j, 5*j - 7 + 17 = p. What is the remainder when 96 is divided by p?
16
Suppose 3*j = -5*v + 7 + 5, 0 = -v + 5*j + 8. What is the remainder when 13 is divided by v?
1
Suppose 0 = -3*l - 9, l + 4 = h - 2*l. Let w be (h/((-10)/(-18)))/1. Let d(k) = k**3 + 10*k**2 + 6*k - 6. Calculate the remainder when 41 is divided by d(w).
20
What is the remainder when 11 is divided by 0 + (5 - 2) + 1?
3
Suppose w = -5*i + 215, 4*i - 186 = -0*i + 2*w. Suppose k - 5*m = 2*k - 3, -4*k + m = 93. Let v = i + k. What is the remainder when v is divided by 8?
6
Suppose 0 = -26*x + 27*x - 40. Calculate the remainder when x is divided by 11.
7
Let y = 24 + -9. What is the remainder when ((-18)/(-5))/(3/y) is divided by 7?
4
Suppose -4*s + 5*n + 76 = -0*n, 0 = -5*s - 5*n + 95. Let b = -23 - -78. What is the remainder when b is divided by s?
17
Suppose -5*h = 3*y - 20 - 36, 2*y - 8 = 4*h. Suppose 34 = 2*q - 5*m - y, -4*m = q - 23. What is the remainder when 45 is divided by q?
22
Suppose 163 = 4*d + 51. Let a = 80 - 65. Calculate the remainder when d is divided by a.
13
Let f be (0 - 1)*2 + -4. What is the remainder when (-170)/(-6) - (-2)/f is divided by 15?
13
Let a(c) = -15*c - 3. What is the remainder when a(-2) is divided by 7?
6
Suppose 11*h - 120 = 7*h. Calculate the remainder when 87 is divided by h.
27
Let i = -84 + 52. What is the remainder when (-5)/(3/(i - 1)) is divided by 14?
13
Suppose 4*p = -b + 53, 4*p - b - 51 = -0. Let x(g) = 2*g + 8. Calculate the remainder when p is divided by x(0).
5
Let v(r) = -r**2 - 6*r - 3. Let x be v(-5). Calculate the remainder when 0 + (2 - -14) - x is divided by 8.
6
Let p(d) = -d - 1. Let t be p(-1). What is the remainder when 29/(t + 2/4) is divided by 20?
18
Suppose -3*r + 12 = -21. Let y(b) be the second derivative of -b**3/3 + 5*b**2/2 - 3*b. Calculate the remainder when y(-8) is divided by r.
10
Let m be (-10)/(-4)*16/10. Suppose -b = -m*b + 93. Calculate the remainder when 59 is divided by b.
28
Let b(h) = h**2 - 8*h - 14. Suppose -3*k = -10 - 2. Suppose 0 = -s + k*s - 165. What is the remainder when s is divided by b(11)?
17
Suppose -5*p + 3*w + 90 = -128, 5*w + 72 = 2*p. Suppose p = 5*q - 24. What is the remainder when 40 is divided by q?
12
Suppose 12*u + 99 = 15*u. What is the remainder when u is divided by 17?
16
Suppose 5*o = 46 + 259. Calculate the remainder when o is divided by 21.
19
Let l be (-10)/(-4) - (-2)/(-4). Suppose -l*d + 22 = 5*b - 5*d, b + d = -2. What is the remainder when 2 is divided by b?
0
Suppose -3*a = -2*s + 67, 0*s + s - 2*a = 33. What is the remainder when 138 is divided by s?
33
Let g(d) = -3*d - 4. Let b be g(-3). Suppose z = m - 1 + 5, 0 = 2*m - 6. Suppose -z - b = -2*j. What is the remainder when 17 is divided by j?
5
Let k be 38/2 + 1/1. Suppose -y + 3*y + 4 = 0. Calculate the remainder when 35 is divided by y/(-5) - (-232)/k.
11
Let b = -24 - -84. What is the remainder when b is divided by 21?
18
Suppose -4*w + 228 = 2*w. Calculate the remainder when w is divided by 8.
6
Suppose 12 = 4*o + i, 2*o - 4 = 3*o + 2*i. Let s be 1/(-3) + (-26)/(-6). Calculate the remainder when 144/s - (-1 + o) is divided by 18.
15
Suppose -2*w = 2*k - k + 6, k + 4*w = -16. Suppose 0*i - 3*i = -21. Calculate the remainder when i is divided by k.
3
Suppose 2*z - 3 = -z. Suppose -5 = -5*p + 15. Suppose 2*a - 1 + 3 =